{"id":21992,"date":"2025-04-09T08:12:46","date_gmt":"2025-04-09T11:12:46","guid":{"rendered":"https:\/\/sebastianpendino.com\/academy\/?post_type=product&#038;p=21992"},"modified":"2026-03-25T11:54:30","modified_gmt":"2026-03-25T14:54:30","slug":"rankspro","status":"publish","type":"product","link":"https:\/\/sebastianpendino.com\/academy\/recursos\/rankspro\/","title":{"rendered":"RanksPro SEO Suite"},"content":{"rendered":"\r\n<h3>Alternativa econ\u00f3mica a SEMRush, AHrefs, MOZ,<\/h3>\r\n<p>Si bien <a href=\"\/ir\/semrush\/\" target=\"_blank\" rel=\"noreferrer noopener nofollow\">SEMRush<\/a> se ha consolidado como un l\u00edder en el sector durante la \u00faltima d\u00e9cada, existen alternativas emergentes que ofrecen capacidades excepcionales a precios m\u00e1s competitivos.<\/p>\r\n\r\n\r\n\r\n<p>Una de estas alternativas es <strong>RanksPro<\/strong>, una <strong>herramienta SEO todo en uno<\/strong> que se est\u00e1 convirtiendo r\u00e1pidamente en la favorita de los expertos en marketing digital, especialmente para aquellos que buscan un equilibrio entre funcionalidad y coste.<\/p>\r\n<p>En mi art\u00edculo te doy los detalles: <a href=\"https:\/\/sebastianpendino.com\/rankspro-herramienta-ranking-seo\/\">RanksPro alternativa a SEM Rush para medir tus Ranking SEO<\/a>\u00a0 y aqu\u00ed debajo las <strong>caracter\u00edsticas principales.<\/strong><\/p>\r\n\r\n\r\n\r\n<h3 class=\"wp-block-heading\">\u00bfPor qu\u00e9 usar RanksPro para medir Ranking SEO?<\/h3>\r\n\r\n\r\n\r\n<figure class=\"wp-block-image size-full\"><img decoding=\"async\" class=\"wp-image-26440\" src=\"https:\/\/sebastianpendino.com\/wp-content\/uploads\/2024\/11\/ranks-pro-dashboard.webp\" alt=\"RanksPro, una herramienta SEO todo en uno\" \/><\/figure>\r\n\r\n\r\n\r\n<p>RanksPro ofrece una amplia gama de funciones dise\u00f1adas para simplificar y mejorar sus esfuerzos de SEO, adapt\u00e1ndose tanto a principiantes como a expertos en la materia. Su <strong>dashboard intuitivo<\/strong> permite una curva de aprendizaje m\u00e1s suave comparada con otras herramientas del mercado. Algunas de sus caracter\u00edsticas m\u00e1s destacadas incluyen:<\/p>\r\n\r\n<div class=\"blue-promo-box\">\r\n<p><strong>Consigue RanksPro SEO Suite por solo $29 por mes<\/strong><\/p>\r\n<p><a class=\"button wp-block-button__link wp-element-button\" href=\"\/ir\/rankspro\" target=\"_blank\" rel=\"noopener nofollow\">\u2192 \u00a1Prueba hoy RanksPro!<\/a><\/p>\r\n<\/div>\r\n\r\n<ol class=\"wp-block-list\">\r\n<li><strong>Seguimiento y Monitoreo Preciso del Ranking<\/strong><\/li>\r\n\r\n\r\n\r\n<li><strong>Investigaci\u00f3n Exhaustiva de Palabras Clave<\/strong><\/li>\r\n\r\n\r\n\r\n<li><strong>An\u00e1lisis Competitivo en Profundidad<\/strong><\/li>\r\n\r\n\r\n\r\n<li><strong>An\u00e1lisis de Backlinks Completo<\/strong><\/li>\r\n\r\n\r\n\r\n<li><strong>Auditor\u00eda del Sitio Web en tiempo real<\/strong><\/li>\r\n<\/ol>\r\n\r\n\r\n\r\n<h3 class=\"wp-block-heading\">\u00bfRanksPro: Alternativa a SEMrush, MOZ, Majestic SEO y AHrefs?<\/h3>\r\n\r\n\r\n\r\n<figure class=\"wp-block-image size-full\"><img decoding=\"async\" class=\"wp-image-26441\" src=\"https:\/\/sebastianpendino.com\/wp-content\/uploads\/2024\/11\/ranks-pro-widgets.webp\" alt=\"\u00bfRanksPro: Alternativa a SEMrush?\" \/><\/figure>\r\n\r\n\r\n\r\n<p>Si bien SEMrush es una herramienta poderosa que ha dominado el mercado durante a\u00f1os, RanksPro ofrece ventajas distintivas que la convierten en una alternativa atractiva, especialmente <strong>para empresas medianas y peque\u00f1as<\/strong> que buscan maximizar su inversi\u00f3n en herramientas SEO:<\/p>\r\n\r\n\r\n\r\n<ul class=\"wp-block-list\">\r\n<li><strong>Menos trabajo manual (automatizaci\u00f3n)<\/strong><\/li>\r\n\r\n\r\n\r\n<li><strong>Generaci\u00f3n de Informes r\u00e1pida y precisa<\/strong><\/li>\r\n\r\n\r\n\r\n<li><strong>Planes de pago asequibles<\/strong><\/li>\r\n<\/ul>\r\n\r\n<div class=\"blue-promo-box\">\r\n<p><strong>Consigue RanksPro SEO Suite por solo $29 por mes<\/strong><\/p>\r\n<p><a class=\"button wp-block-button__link wp-element-button\" href=\"\/ir\/rankspro\" target=\"_blank\" rel=\"noopener nofollow\">\u2192 \u00a1Prueba hoy RanksPro!<\/a><\/p>\r\n<\/div>","protected":false},"excerpt":{"rendered":"<p>Herramienta para medir el Rannking en buscadores Google, Bing, etc. Alternativa a SEMRush, MOZ, Ahrefs, Majestic SEO.<\/p>\n<div class=\"col2\"><strong>Incluye:<\/strong> <i class=\"fa fa-check-square-o\" aria-hidden=\"true\"><\/i> Seguimiento preciso del ranking <i class=\"fa fa-check-square-o\" aria-hidden=\"true\"><\/i> Investigaci\u00f3n de palabras clave <i class=\"fa fa-check-square-o\" aria-hidden=\"true\"><\/i> An\u00e1lisis de la compartencia <i class=\"fa fa-check-square-o\" aria-hidden=\"true\"><\/i> An\u00e1lisis de backlinks completo <i class=\"fa fa-check-square-o\" aria-hidden=\"true\"><\/i> Auditor\u00eda web en tiempo real <i class=\"fa fa-check-square-o\" aria-hidden=\"true\"><\/i> Generaci\u00f3n de informes para clientes<\/div>\n<div class=\"col2\"><strong>Alternativa a:<\/strong> <i class=\"fa fa-desktop\" aria-hidden=\"true\"><\/i> SEMRush, MOZ, Majestic SEO, Ahrefs <strong>Detalles:<\/strong> <i class=\"fa fa-desktop\" aria-hidden=\"true\"><\/i> Funciona en cualquier navegador <i class=\"fa fa-credit-card\" aria-hidden=\"true\"><\/i> Plan Free y Plan PRO <i class=\"fa fa-refresh\" aria-hidden=\"true\"><\/i> Incorporaci\u00f3n de nuevas buscadores <i class=\"fa fa-user\" aria-hidden=\"true\"><\/i> Soporte y ayuda: RanksPro<\/div>\n","protected":false},"featured_media":22058,"comment_status":"closed","ping_status":"closed","template":"","meta":[],"product_brand":[],"product_cat":[369],"product_tag":[],"class_list":{"0":"post-21992","1":"product","2":"type-product","3":"status-publish","4":"has-post-thumbnail","6":"product_cat-herramientas","8":"first","9":"instock","10":"sold-individually","11":"shipping-taxable","12":"product-type-external"},"yoast_head":"<!-- This site is optimized with the Yoast SEO plugin v27.4 - https:\/\/yoast.com\/product\/yoast-seo-wordpress\/ -->\n<title>RanksPro (Alternativa a SEMRush, Ahrefs, MOZ, Majestic SEO)\ud83d\udd0d<\/title>\n<meta name=\"description\" content=\"Herramienta para medir el Rannking en buscadores Google, Bing, etc. \u2b50 RanksPro: Alternativa a SEMRush, MOZ, Ahrefs, Majestic SEO \u2705 \u00a1Ver+!\" \/>\n<meta name=\"robots\" content=\"index, follow, max-snippet:-1, max-image-preview:large, max-video-preview:-1\" \/>\n<link rel=\"canonical\" href=\"https:\/\/sebastianpendino.com\/academy\/recursos\/rankspro\/\" \/>\n<meta property=\"og:locale\" content=\"es_ES\" \/>\n<meta property=\"og:type\" content=\"article\" \/>\n<meta property=\"og:title\" content=\"RanksPro (Alternativa a SEMRush, Ahrefs, MOZ, Majestic SEO)\ud83d\udd0d\" \/>\n<meta property=\"og:description\" content=\"Herramienta para medir el Rannking en buscadores Google, Bing, etc. \u2b50 RanksPro: Alternativa a SEMRush, MOZ, Ahrefs, Majestic SEO \u2705 \u00a1Ver+!\" \/>\n<meta property=\"og:url\" content=\"https:\/\/sebastianpendino.com\/academy\/recursos\/rankspro\/\" \/>\n<meta property=\"og:site_name\" content=\"Sebasti\u00e1n Pendino - Academy\" \/>\n<meta property=\"article:publisher\" content=\"https:\/\/www.facebook.com\/sebapendino\" \/>\n<meta property=\"article:modified_time\" content=\"2026-03-25T14:54:30+00:00\" \/>\n<meta property=\"og:image\" content=\"https:\/\/sebastianpendino.com\/academy\/wp-content\/uploads\/2023\/01\/rankspro-seo-ranking-tracking.webp\" \/>\n\t<meta property=\"og:image:width\" content=\"800\" \/>\n\t<meta property=\"og:image:height\" content=\"643\" \/>\n\t<meta property=\"og:image:type\" content=\"image\/webp\" \/>\n<meta name=\"twitter:card\" content=\"summary_large_image\" \/>\n<meta name=\"twitter:site\" content=\"@SebaPendino\" \/>\n<script type=\"application\/ld+json\" class=\"yoast-schema-graph\">{\"@context\":\"https:\\\/\\\/schema.org\",\"@graph\":[{\"@type\":\"WebPage\",\"@id\":\"https:\\\/\\\/sebastianpendino.com\\\/academy\\\/recursos\\\/rankspro\\\/\",\"url\":\"https:\\\/\\\/sebastianpendino.com\\\/academy\\\/recursos\\\/rankspro\\\/\",\"name\":\"RanksPro (Alternativa a SEMRush, Ahrefs, MOZ, Majestic SEO)\ud83d\udd0d\",\"isPartOf\":{\"@id\":\"https:\\\/\\\/sebastianpendino.com\\\/academy\\\/#website\"},\"primaryImageOfPage\":{\"@id\":\"https:\\\/\\\/sebastianpendino.com\\\/academy\\\/recursos\\\/rankspro\\\/#primaryimage\"},\"image\":{\"@id\":\"https:\\\/\\\/sebastianpendino.com\\\/academy\\\/recursos\\\/rankspro\\\/#primaryimage\"},\"thumbnailUrl\":\"https:\\\/\\\/sebastianpendino.com\\\/academy\\\/wp-content\\\/uploads\\\/2023\\\/01\\\/rankspro-seo-ranking-tracking.webp\",\"datePublished\":\"2025-04-09T11:12:46+00:00\",\"dateModified\":\"2026-03-25T14:54:30+00:00\",\"description\":\"Herramienta para medir el Rannking en buscadores Google, Bing, etc. \u2b50 RanksPro: Alternativa a SEMRush, MOZ, Ahrefs, Majestic SEO \u2705 \u00a1Ver+!\",\"breadcrumb\":{\"@id\":\"https:\\\/\\\/sebastianpendino.com\\\/academy\\\/recursos\\\/rankspro\\\/#breadcrumb\"},\"inLanguage\":\"es\",\"potentialAction\":[{\"@type\":\"ReadAction\",\"target\":[\"https:\\\/\\\/sebastianpendino.com\\\/academy\\\/recursos\\\/rankspro\\\/\"]}]},{\"@type\":\"ImageObject\",\"inLanguage\":\"es\",\"@id\":\"https:\\\/\\\/sebastianpendino.com\\\/academy\\\/recursos\\\/rankspro\\\/#primaryimage\",\"url\":\"https:\\\/\\\/sebastianpendino.com\\\/academy\\\/wp-content\\\/uploads\\\/2023\\\/01\\\/rankspro-seo-ranking-tracking.webp\",\"contentUrl\":\"https:\\\/\\\/sebastianpendino.com\\\/academy\\\/wp-content\\\/uploads\\\/2023\\\/01\\\/rankspro-seo-ranking-tracking.webp\",\"width\":800,\"height\":643,\"caption\":\"rankspro-seo-ranking-tracking\"},{\"@type\":\"BreadcrumbList\",\"@id\":\"https:\\\/\\\/sebastianpendino.com\\\/academy\\\/recursos\\\/rankspro\\\/#breadcrumb\",\"itemListElement\":[{\"@type\":\"ListItem\",\"position\":1,\"name\":\"Inicio\",\"item\":\"https:\\\/\\\/sebastianpendino.com\\\/academy\\\/\"},{\"@type\":\"ListItem\",\"position\":2,\"name\":\"Shop\",\"item\":\"https:\\\/\\\/sebastianpendino.com\\\/academy\\\/shop\\\/\"},{\"@type\":\"ListItem\",\"position\":3,\"name\":\"Herramientas\",\"item\":\"https:\\\/\\\/sebastianpendino.com\\\/academy\\\/recurso\\\/herramientas\\\/\"},{\"@type\":\"ListItem\",\"position\":4,\"name\":\"RanksPro SEO Suite\"}]},{\"@type\":\"WebSite\",\"@id\":\"https:\\\/\\\/sebastianpendino.com\\\/academy\\\/#website\",\"url\":\"https:\\\/\\\/sebastianpendino.com\\\/academy\\\/\",\"name\":\"Sebasti\u00e1n Pendino - Academy\",\"description\":\"Recursos de Marketing Digital y Negocios Online\",\"publisher\":{\"@id\":\"https:\\\/\\\/sebastianpendino.com\\\/academy\\\/#organization\"},\"alternateName\":\"Seba Pendino - Academy\",\"potentialAction\":[{\"@type\":\"SearchAction\",\"target\":{\"@type\":\"EntryPoint\",\"urlTemplate\":\"https:\\\/\\\/sebastianpendino.com\\\/academy\\\/?s={search_term_string}\"},\"query-input\":{\"@type\":\"PropertyValueSpecification\",\"valueRequired\":true,\"valueName\":\"search_term_string\"}}],\"inLanguage\":\"es\"},{\"@type\":\"Organization\",\"@id\":\"https:\\\/\\\/sebastianpendino.com\\\/academy\\\/#organization\",\"name\":\"Sebasti\u00e1n Pendino - Academy\",\"alternateName\":\"Cursos para emprendedores\",\"url\":\"https:\\\/\\\/sebastianpendino.com\\\/academy\\\/\",\"logo\":{\"@type\":\"ImageObject\",\"inLanguage\":\"es\",\"@id\":\"https:\\\/\\\/sebastianpendino.com\\\/academy\\\/#\\\/schema\\\/logo\\\/image\\\/\",\"url\":\"https:\\\/\\\/sebastianpendino.com\\\/academy\\\/wp-content\\\/uploads\\\/2024\\\/12\\\/sp-logo-academy-358x70-1.webp\",\"contentUrl\":\"https:\\\/\\\/sebastianpendino.com\\\/academy\\\/wp-content\\\/uploads\\\/2024\\\/12\\\/sp-logo-academy-358x70-1.webp\",\"width\":358,\"height\":70,\"caption\":\"Sebasti\u00e1n Pendino - Academy\"},\"image\":{\"@id\":\"https:\\\/\\\/sebastianpendino.com\\\/academy\\\/#\\\/schema\\\/logo\\\/image\\\/\"},\"sameAs\":[\"https:\\\/\\\/www.facebook.com\\\/sebapendino\",\"https:\\\/\\\/x.com\\\/SebaPendino\",\"https:\\\/\\\/www.linkedin.com\\\/in\\\/sebastianpendino\",\"https:\\\/\\\/www.youtube.com\\\/c\\\/sebastianpendino\"]}]}<\/script>\n<!-- \/ Yoast SEO plugin. -->","yoast_head_json":{"title":"RanksPro (Alternativa a SEMRush, Ahrefs, MOZ, Majestic SEO)\ud83d\udd0d","description":"Herramienta para medir el Rannking en buscadores Google, Bing, etc. \u2b50 RanksPro: Alternativa a SEMRush, MOZ, Ahrefs, Majestic SEO \u2705 \u00a1Ver+!","robots":{"index":"index","follow":"follow","max-snippet":"max-snippet:-1","max-image-preview":"max-image-preview:large","max-video-preview":"max-video-preview:-1"},"canonical":"https:\/\/sebastianpendino.com\/academy\/recursos\/rankspro\/","og_locale":"es_ES","og_type":"article","og_title":"RanksPro (Alternativa a SEMRush, Ahrefs, MOZ, Majestic SEO)\ud83d\udd0d","og_description":"Herramienta para medir el Rannking en buscadores Google, Bing, etc. \u2b50 RanksPro: Alternativa a SEMRush, MOZ, Ahrefs, Majestic SEO \u2705 \u00a1Ver+!","og_url":"https:\/\/sebastianpendino.com\/academy\/recursos\/rankspro\/","og_site_name":"Sebasti\u00e1n Pendino - Academy","article_publisher":"https:\/\/www.facebook.com\/sebapendino","article_modified_time":"2026-03-25T14:54:30+00:00","og_image":[{"width":800,"height":643,"url":"https:\/\/sebastianpendino.com\/academy\/wp-content\/uploads\/2023\/01\/rankspro-seo-ranking-tracking.webp","type":"image\/webp"}],"twitter_card":"summary_large_image","twitter_site":"@SebaPendino","schema":{"@context":"https:\/\/schema.org","@graph":[{"@type":"WebPage","@id":"https:\/\/sebastianpendino.com\/academy\/recursos\/rankspro\/","url":"https:\/\/sebastianpendino.com\/academy\/recursos\/rankspro\/","name":"RanksPro (Alternativa a SEMRush, Ahrefs, MOZ, Majestic SEO)\ud83d\udd0d","isPartOf":{"@id":"https:\/\/sebastianpendino.com\/academy\/#website"},"primaryImageOfPage":{"@id":"https:\/\/sebastianpendino.com\/academy\/recursos\/rankspro\/#primaryimage"},"image":{"@id":"https:\/\/sebastianpendino.com\/academy\/recursos\/rankspro\/#primaryimage"},"thumbnailUrl":"https:\/\/sebastianpendino.com\/academy\/wp-content\/uploads\/2023\/01\/rankspro-seo-ranking-tracking.webp","datePublished":"2025-04-09T11:12:46+00:00","dateModified":"2026-03-25T14:54:30+00:00","description":"Herramienta para medir el Rannking en buscadores Google, Bing, etc. \u2b50 RanksPro: Alternativa a SEMRush, MOZ, Ahrefs, Majestic SEO \u2705 \u00a1Ver+!","breadcrumb":{"@id":"https:\/\/sebastianpendino.com\/academy\/recursos\/rankspro\/#breadcrumb"},"inLanguage":"es","potentialAction":[{"@type":"ReadAction","target":["https:\/\/sebastianpendino.com\/academy\/recursos\/rankspro\/"]}]},{"@type":"ImageObject","inLanguage":"es","@id":"https:\/\/sebastianpendino.com\/academy\/recursos\/rankspro\/#primaryimage","url":"https:\/\/sebastianpendino.com\/academy\/wp-content\/uploads\/2023\/01\/rankspro-seo-ranking-tracking.webp","contentUrl":"https:\/\/sebastianpendino.com\/academy\/wp-content\/uploads\/2023\/01\/rankspro-seo-ranking-tracking.webp","width":800,"height":643,"caption":"rankspro-seo-ranking-tracking"},{"@type":"BreadcrumbList","@id":"https:\/\/sebastianpendino.com\/academy\/recursos\/rankspro\/#breadcrumb","itemListElement":[{"@type":"ListItem","position":1,"name":"Inicio","item":"https:\/\/sebastianpendino.com\/academy\/"},{"@type":"ListItem","position":2,"name":"Shop","item":"https:\/\/sebastianpendino.com\/academy\/shop\/"},{"@type":"ListItem","position":3,"name":"Herramientas","item":"https:\/\/sebastianpendino.com\/academy\/recurso\/herramientas\/"},{"@type":"ListItem","position":4,"name":"RanksPro SEO Suite"}]},{"@type":"WebSite","@id":"https:\/\/sebastianpendino.com\/academy\/#website","url":"https:\/\/sebastianpendino.com\/academy\/","name":"Sebasti\u00e1n Pendino - Academy","description":"Recursos de Marketing Digital y Negocios Online","publisher":{"@id":"https:\/\/sebastianpendino.com\/academy\/#organization"},"alternateName":"Seba Pendino - Academy","potentialAction":[{"@type":"SearchAction","target":{"@type":"EntryPoint","urlTemplate":"https:\/\/sebastianpendino.com\/academy\/?s={search_term_string}"},"query-input":{"@type":"PropertyValueSpecification","valueRequired":true,"valueName":"search_term_string"}}],"inLanguage":"es"},{"@type":"Organization","@id":"https:\/\/sebastianpendino.com\/academy\/#organization","name":"Sebasti\u00e1n Pendino - Academy","alternateName":"Cursos para emprendedores","url":"https:\/\/sebastianpendino.com\/academy\/","logo":{"@type":"ImageObject","inLanguage":"es","@id":"https:\/\/sebastianpendino.com\/academy\/#\/schema\/logo\/image\/","url":"https:\/\/sebastianpendino.com\/academy\/wp-content\/uploads\/2024\/12\/sp-logo-academy-358x70-1.webp","contentUrl":"https:\/\/sebastianpendino.com\/academy\/wp-content\/uploads\/2024\/12\/sp-logo-academy-358x70-1.webp","width":358,"height":70,"caption":"Sebasti\u00e1n Pendino - Academy"},"image":{"@id":"https:\/\/sebastianpendino.com\/academy\/#\/schema\/logo\/image\/"},"sameAs":["https:\/\/www.facebook.com\/sebapendino","https:\/\/x.com\/SebaPendino","https:\/\/www.linkedin.com\/in\/sebastianpendino","https:\/\/www.youtube.com\/c\/sebastianpendino"]}]}},"_links":{"self":[{"href":"https:\/\/sebastianpendino.com\/academy\/wp-json\/wp\/v2\/product\/21992","targetHints":{"allow":["GET"]}}],"collection":[{"href":"https:\/\/sebastianpendino.com\/academy\/wp-json\/wp\/v2\/product"}],"about":[{"href":"https:\/\/sebastianpendino.com\/academy\/wp-json\/wp\/v2\/types\/product"}],"replies":[{"embeddable":true,"href":"https:\/\/sebastianpendino.com\/academy\/wp-json\/wp\/v2\/comments?post=21992"}],"wp:featuredmedia":[{"embeddable":true,"href":"https:\/\/sebastianpendino.com\/academy\/wp-json\/wp\/v2\/media\/22058"}],"wp:attachment":[{"href":"https:\/\/sebastianpendino.com\/academy\/wp-json\/wp\/v2\/media?parent=21992"}],"wp:term":[{"taxonomy":"product_brand","embeddable":true,"href":"https:\/\/sebastianpendino.com\/academy\/wp-json\/wp\/v2\/product_brand?post=21992"},{"taxonomy":"product_cat","embeddable":true,"href":"https:\/\/sebastianpendino.com\/academy\/wp-json\/wp\/v2\/product_cat?post=21992"},{"taxonomy":"product_tag","embeddable":true,"href":"https:\/\/sebastianpendino.com\/academy\/wp-json\/wp\/v2\/product_tag?post=21992"}],"curies":[{"name":"wp","href":"https:\/\/api.w.org\/{rel}","templated":true}]}}