{"id":20729,"date":"2021-07-28T11:20:12","date_gmt":"2021-07-28T14:20:12","guid":{"rendered":"https:\/\/sebastianpendino.com\/academy\/?post_type=product&#038;p=20729"},"modified":"2025-06-10T09:37:22","modified_gmt":"2025-06-10T12:37:22","slug":"tidycal","status":"publish","type":"product","link":"https:\/\/sebastianpendino.com\/academy\/recursos\/tidycal\/","title":{"rendered":"TidyCal (Programar reuniones autom\u00e1ticas)"},"content":{"rendered":"<p>Empezar es tan f\u00e1cil como conectar tu calendario de Google u Office 365 y crear un tipo de reuni\u00f3n. Actualiza la duraci\u00f3n del evento y rell\u00e9nalo para evitar reuniones consecutivas. <a href=\"https:\/\/sebastianpendino.com\/ir\/tidycal\/\" target=\"_blank\" rel=\"noopener nofollow\"><strong>Ver la web de TidyCal.<\/strong><\/a><\/p>\n<p><img loading=\"lazy\" decoding=\"async\" class=\"size-full wp-image-21179 alignnone\" src=\"https:\/\/sebastianpendino.com\/academy\/wp-content\/uploads\/2021\/07\/tidycal-calendarios-google-apple-microsoft-800.webp\" alt=\"Conectar TidyCal con Google, Office y iCal: software y agenda para programar reuniones autom\u00e1ticamente\" width=\"800\" height=\"353\" srcset=\"https:\/\/sebastianpendino.com\/academy\/wp-content\/uploads\/2021\/07\/tidycal-calendarios-google-apple-microsoft-800.webp 800w, https:\/\/sebastianpendino.com\/academy\/wp-content\/uploads\/2021\/07\/tidycal-calendarios-google-apple-microsoft-800-370x163.webp 370w, https:\/\/sebastianpendino.com\/academy\/wp-content\/uploads\/2021\/07\/tidycal-calendarios-google-apple-microsoft-800-643x284.webp 643w\" sizes=\"auto, (max-width: 800px) 100vw, 800px\" \/><\/p>\n<h4>Otras integraciones de TidyCal:<\/h4>\n<p>TidyCal se integra con:<\/p>\n<div class=\"col2\">\n<ul>\n<li>Google (Hasta 10 calendarios)<\/li>\n<li>Office 365 (Hasta 10 calendarios)<\/li>\n<li>Zoom<\/li>\n<li>Google Meet<\/li>\n<\/ul>\n<\/div>\n<div class=\"col2\">\n<ul>\n<li>Zapier<\/li>\n<li>PayPal (recibir pagos)<\/li>\n<li>Stripe (recibir pagos)<\/li>\n<li><a href=\"https:\/\/sebastianpendino.com\/academy\/recursos\/sleekbio\/\">SleekBio (Links en tu bio)<\/a><\/li>\n<\/ul>\n<\/div>\n<h4>C\u00f3mo lo ver\u00e1n por tus clientes y colegas:<\/h4>\n<p>Puedes a\u00f1adir emojis y modificar los colores para que coincidan con tu marca, logo y branding en general.<\/p>\n<p><img loading=\"lazy\" decoding=\"async\" class=\"alignnone wp-image-20734\" src=\"https:\/\/sebastianpendino.com\/academy\/wp-content\/uploads\/2021\/07\/tidycal-agenda-alternativa-calendly-gratis-1024x471.webp\" alt=\"P\u00e1gina de Reservas en TidyCal: software y agenda para programar reuniones autom\u00e1ticamente\" width=\"800\" height=\"368\" srcset=\"https:\/\/sebastianpendino.com\/academy\/wp-content\/uploads\/2021\/07\/tidycal-agenda-alternativa-calendly-gratis-1024x471.webp 1024w, https:\/\/sebastianpendino.com\/academy\/wp-content\/uploads\/2021\/07\/tidycal-agenda-alternativa-calendly-gratis-370x170.webp 370w, https:\/\/sebastianpendino.com\/academy\/wp-content\/uploads\/2021\/07\/tidycal-agenda-alternativa-calendly-gratis-643x295.webp 643w, https:\/\/sebastianpendino.com\/academy\/wp-content\/uploads\/2021\/07\/tidycal-agenda-alternativa-calendly-gratis-800x368.webp 800w, https:\/\/sebastianpendino.com\/academy\/wp-content\/uploads\/2021\/07\/tidycal-agenda-alternativa-calendly-gratis.webp 1075w\" sizes=\"auto, (max-width: 800px) 100vw, 800px\" \/><\/p>\n<p>Tu cliente ver\u00e1 autom\u00e1ticamente el enlace de la reuni\u00f3n utilizando tu Zoom, Google Meet o una direcci\u00f3n web (URL) espec\u00edfica para conectarse.<\/p>\n<p>Tus clientes podr\u00e1n a\u00f1adir la reuni\u00f3n a sus calendarios y ambos recibir\u00e9is un correo electr\u00f3nico, una confirmaci\u00f3n y una invitaci\u00f3n al calendario directamente en vuestras bandejas de entrada.<\/p>\n<p>TidyCal tambi\u00e9n puede enviar autom\u00e1ticamente correos electr\u00f3nicos de recordatorio a los asistentes 24 horas y una hora antes de la reuni\u00f3n.<\/p>\n<h4>Mostrar tu calendario de reservas en tu sitio web:<\/h4>\n<p>Embeber el c\u00f3digo es tan simple como solo dar un clic y copiar y pegar el c\u00f3digo en tu web.<\/p>\n<p><img loading=\"lazy\" decoding=\"async\" class=\"wp-image-20731 alignnone\" src=\"https:\/\/sebastianpendino.com\/academy\/wp-content\/uploads\/2021\/07\/tidycal-embeber-calendly-sitio-web-1024x518.webp\" alt=\"Embeber TidyCal: software y agenda para programar reuniones autom\u00e1ticamente\" width=\"800\" height=\"405\" srcset=\"https:\/\/sebastianpendino.com\/academy\/wp-content\/uploads\/2021\/07\/tidycal-embeber-calendly-sitio-web-1024x518.webp 1024w, https:\/\/sebastianpendino.com\/academy\/wp-content\/uploads\/2021\/07\/tidycal-embeber-calendly-sitio-web-370x187.webp 370w, https:\/\/sebastianpendino.com\/academy\/wp-content\/uploads\/2021\/07\/tidycal-embeber-calendly-sitio-web-643x325.webp 643w, https:\/\/sebastianpendino.com\/academy\/wp-content\/uploads\/2021\/07\/tidycal-embeber-calendly-sitio-web-800x405.webp 800w, https:\/\/sebastianpendino.com\/academy\/wp-content\/uploads\/2021\/07\/tidycal-embeber-calendly-sitio-web.webp 1075w\" sizes=\"auto, (max-width: 800px) 100vw, 800px\" \/><\/p>\n<p>Hay m\u00e1s opciones para compartir tu p\u00e1gina de reservas con el mundo.\u00a0Podr\u00e1s incrustar la p\u00e1gina de reservas en tu sitio web directamente, s\u00f3lo un tipo de reuni\u00f3n espec\u00edfico o compartir tu p\u00e1gina de reservas con tu propia URL o compartir.<\/p>\n<h4 style=\"text-align: left;\">C\u00f3mo configurar d\u00edas y horas disponibles:<\/h4>\n<p>Yo uso 3 calendarios de los 10 permitidos:<\/p>\n<ul>\n<li>Calendario de &#8216;Reuniones de trabajo&#8217; (donde se registran tus reuniones)<\/li>\n<li>Calendario de &#8216;Trabajo para clientes&#8217;<\/li>\n<li>Calendario de &#8216;Actividades personales&#8217; (para que no me reserven un horario ocupado por actividades no laborales).<\/li>\n<\/ul>\n<p><img loading=\"lazy\" decoding=\"async\" class=\"alignnone wp-image-20733\" src=\"https:\/\/sebastianpendino.com\/academy\/wp-content\/uploads\/2021\/07\/tidycal-reunion-agenda-horarios-zoom-1024x1016.webp\" alt=\"Definir Fecha y Hora en TidyCal: software y agenda para programar reuniones autom\u00e1ticamente\" width=\"800\" height=\"794\" srcset=\"https:\/\/sebastianpendino.com\/academy\/wp-content\/uploads\/2021\/07\/tidycal-reunion-agenda-horarios-zoom-1024x1016.webp 1024w, https:\/\/sebastianpendino.com\/academy\/wp-content\/uploads\/2021\/07\/tidycal-reunion-agenda-horarios-zoom-370x367.webp 370w, https:\/\/sebastianpendino.com\/academy\/wp-content\/uploads\/2021\/07\/tidycal-reunion-agenda-horarios-zoom-150x150.webp 150w, https:\/\/sebastianpendino.com\/academy\/wp-content\/uploads\/2021\/07\/tidycal-reunion-agenda-horarios-zoom-643x638.webp 643w, https:\/\/sebastianpendino.com\/academy\/wp-content\/uploads\/2021\/07\/tidycal-reunion-agenda-horarios-zoom-800x794.webp 800w, https:\/\/sebastianpendino.com\/academy\/wp-content\/uploads\/2021\/07\/tidycal-reunion-agenda-horarios-zoom-100x100.webp 100w, https:\/\/sebastianpendino.com\/academy\/wp-content\/uploads\/2021\/07\/tidycal-reunion-agenda-horarios-zoom.webp 1075w\" sizes=\"auto, (max-width: 800px) 100vw, 800px\" \/><\/p>\n<p>Adem\u00e1s, todas tus reuniones pasadas y futuras aparecer\u00e1n en tu pantalla de reservas.<\/p>\n<p>Con un solo clic, puedes ver m\u00e1s detalles o cancelar si surge alg\u00fan imprevisto.<\/p>\n<p>Dile adi\u00f3s a la coordinaci\u00f3n de reuniones a trav\u00e9s de zonas horarias y calendarios y dile hola a la soluci\u00f3n<br \/>\ndefinitiva para tu agenda de reuniones.<\/p>\n<h4 style=\"text-align: center;\">\u00a1Re\u00fanete con tus colegas y clientes f\u00e1cilmente con <a href=\"https:\/\/sebastianpendino.com\/ir\/tidycal\/\" target=\"_blank\" rel=\"noopener nofollow\">TidyCal<\/a>!<\/h4>\n","protected":false},"excerpt":{"rendered":"<p>Software y agenda para programar reuniones autom\u00e1ticamente.<\/p>\n<div class=\"col2\">\n<strong>Incluye:<\/strong><\/p>\n<p><i class=\"fa-regular fa-square-check\"><\/i> Agendar reuniones de pago y gratuitas<br \/>\n<i class=\"fa fa-check-square-o\" aria-hidden=\"true\"><\/i> Recibir esos pagos por: PayPal \/ Stripe<br \/>\n<i class=\"fa fa-check-square-o\" aria-hidden=\"true\"><\/i> Conecta y env\u00eda los links p\/ Zoom o Google Meet.<br \/>\n<i class=\"fa fa-check-square-o\" aria-hidden=\"true\"><\/i> Tu cliente podr\u00e1 a\u00f1adir la reuni\u00f3n a sus calendarios<br \/>\n<i class=\"fa fa-check-square-o\" aria-hidden=\"true\"><\/i> Visualiza o cancela tus reuniones con 1 clic<br \/>\n<i class=\"fa fa-check-square-o\" aria-hidden=\"true\"><\/i> Recordatorio de cita a tus clientes: 24hs, 1hs antes\n<\/div>\n<div class=\"col2\">\n<strong>Alternativa a:<\/strong><\/p>\n<p><i class=\"fa fa-desktop\" aria-hidden=\"true\"><\/i> Calendly, Doodle, Google calendar, etc.<\/p>\n<p><strong>Detalles:<\/strong><\/p>\n<p><i class=\"fa fa-refresh\" aria-hidden=\"true\"><\/i> Actualizaciones de por vida<br \/>\n<i class=\"fa fa-certificate\" aria-hidden=\"true\"><\/i> Garant\u00eda de devoluci\u00f3n 60 d\u00edas<br \/>\n<i class=\"fa fa-circle-o\" aria-hidden=\"true\"><\/i> Marca de agua reducida<br \/>\n<i class=\"fa fa-user\" aria-hidden=\"true\"><\/i> Vendido por AppSumo<\/p>\n<div class=\"light-blue-promo-box\"><i class=\"fa fa-credit-card\" aria-hidden=\"true\"><\/i> Pago \u00fanico de por vida (Lifetime)<\/div>\n<\/div>\n","protected":false},"featured_media":20730,"comment_status":"closed","ping_status":"closed","template":"","meta":[],"product_brand":[],"product_cat":[369],"product_tag":[],"class_list":{"0":"post-20729","1":"product","2":"type-product","3":"status-publish","4":"has-post-thumbnail","6":"product_cat-herramientas","8":"first","9":"instock","10":"sale","11":"sold-individually","12":"shipping-taxable","13":"product-type-external"},"yoast_head":"<!-- This site is optimized with the Yoast SEO plugin v27.4 - https:\/\/yoast.com\/product\/yoast-seo-wordpress\/ -->\n<title>TIDYCAL | Agenda Reuniones c\/ tus Clientes \u00a1Pago \u00danico Lifetime! $29\ud83e\udd47<\/title>\n<meta name=\"description\" content=\"Herramienta online y Agenda. Programar reuniones autom\u00e1tico. \u00a1Pago \u00danico de por Vida! Alternativa a Calendly, Doodle, Google Calendar \u2705 \u00a1Ver +!\" \/>\n<meta name=\"robots\" content=\"index, follow, max-snippet:-1, max-image-preview:large, max-video-preview:-1\" \/>\n<link rel=\"canonical\" href=\"https:\/\/sebastianpendino.com\/academy\/recursos\/tidycal\/\" \/>\n<meta property=\"og:locale\" content=\"es_ES\" \/>\n<meta property=\"og:type\" content=\"article\" \/>\n<meta property=\"og:title\" content=\"TIDYCAL | Agenda Reuniones c\/ tus Clientes \u00a1Pago \u00danico Lifetime! $29\ud83e\udd47\" \/>\n<meta property=\"og:description\" content=\"Herramienta online y Agenda. Programar reuniones autom\u00e1tico. \u00a1Pago \u00danico de por Vida! Alternativa a Calendly, Doodle, Google Calendar \u2705 \u00a1Ver +!\" \/>\n<meta property=\"og:url\" content=\"https:\/\/sebastianpendino.com\/academy\/recursos\/tidycal\/\" \/>\n<meta property=\"og:site_name\" content=\"Sebasti\u00e1n Pendino - Academy\" \/>\n<meta property=\"article:publisher\" content=\"https:\/\/www.facebook.com\/sebapendino\" \/>\n<meta property=\"article:modified_time\" content=\"2025-06-10T12:37:22+00:00\" \/>\n<meta property=\"og:image\" content=\"https:\/\/sebastianpendino.com\/academy\/wp-content\/uploads\/2021\/07\/tidycal-reservas-alternativa-calendly-gratis.webp\" \/>\n\t<meta property=\"og:image:width\" content=\"800\" \/>\n\t<meta property=\"og:image:height\" content=\"643\" \/>\n\t<meta property=\"og:image:type\" content=\"image\/webp\" \/>\n<meta name=\"twitter:card\" content=\"summary_large_image\" \/>\n<meta name=\"twitter:site\" content=\"@SebaPendino\" \/>\n<script type=\"application\/ld+json\" class=\"yoast-schema-graph\">{\"@context\":\"https:\\\/\\\/schema.org\",\"@graph\":[{\"@type\":\"WebPage\",\"@id\":\"https:\\\/\\\/sebastianpendino.com\\\/academy\\\/recursos\\\/tidycal\\\/\",\"url\":\"https:\\\/\\\/sebastianpendino.com\\\/academy\\\/recursos\\\/tidycal\\\/\",\"name\":\"TIDYCAL | Agenda Reuniones c\\\/ tus Clientes \u00a1Pago \u00danico Lifetime! $29\ud83e\udd47\",\"isPartOf\":{\"@id\":\"https:\\\/\\\/sebastianpendino.com\\\/academy\\\/#website\"},\"primaryImageOfPage\":{\"@id\":\"https:\\\/\\\/sebastianpendino.com\\\/academy\\\/recursos\\\/tidycal\\\/#primaryimage\"},\"image\":{\"@id\":\"https:\\\/\\\/sebastianpendino.com\\\/academy\\\/recursos\\\/tidycal\\\/#primaryimage\"},\"thumbnailUrl\":\"https:\\\/\\\/sebastianpendino.com\\\/academy\\\/wp-content\\\/uploads\\\/2021\\\/07\\\/tidycal-reservas-alternativa-calendly-gratis.webp\",\"datePublished\":\"2021-07-28T14:20:12+00:00\",\"dateModified\":\"2025-06-10T12:37:22+00:00\",\"description\":\"Herramienta online y Agenda. Programar reuniones autom\u00e1tico. \u00a1Pago \u00danico de por Vida! Alternativa a Calendly, Doodle, Google Calendar \u2705 \u00a1Ver +!\",\"breadcrumb\":{\"@id\":\"https:\\\/\\\/sebastianpendino.com\\\/academy\\\/recursos\\\/tidycal\\\/#breadcrumb\"},\"inLanguage\":\"es\",\"potentialAction\":[{\"@type\":\"ReadAction\",\"target\":[\"https:\\\/\\\/sebastianpendino.com\\\/academy\\\/recursos\\\/tidycal\\\/\"]}]},{\"@type\":\"ImageObject\",\"inLanguage\":\"es\",\"@id\":\"https:\\\/\\\/sebastianpendino.com\\\/academy\\\/recursos\\\/tidycal\\\/#primaryimage\",\"url\":\"https:\\\/\\\/sebastianpendino.com\\\/academy\\\/wp-content\\\/uploads\\\/2021\\\/07\\\/tidycal-reservas-alternativa-calendly-gratis.webp\",\"contentUrl\":\"https:\\\/\\\/sebastianpendino.com\\\/academy\\\/wp-content\\\/uploads\\\/2021\\\/07\\\/tidycal-reservas-alternativa-calendly-gratis.webp\",\"width\":800,\"height\":643,\"caption\":\"TidyCal: software y agenda para programar reuniones autom\u00e1ticamente\"},{\"@type\":\"BreadcrumbList\",\"@id\":\"https:\\\/\\\/sebastianpendino.com\\\/academy\\\/recursos\\\/tidycal\\\/#breadcrumb\",\"itemListElement\":[{\"@type\":\"ListItem\",\"position\":1,\"name\":\"Inicio\",\"item\":\"https:\\\/\\\/sebastianpendino.com\\\/academy\\\/\"},{\"@type\":\"ListItem\",\"position\":2,\"name\":\"Shop\",\"item\":\"https:\\\/\\\/sebastianpendino.com\\\/academy\\\/shop\\\/\"},{\"@type\":\"ListItem\",\"position\":3,\"name\":\"Herramientas\",\"item\":\"https:\\\/\\\/sebastianpendino.com\\\/academy\\\/recurso\\\/herramientas\\\/\"},{\"@type\":\"ListItem\",\"position\":4,\"name\":\"TidyCal (Programar reuniones autom\u00e1ticas)\"}]},{\"@type\":\"WebSite\",\"@id\":\"https:\\\/\\\/sebastianpendino.com\\\/academy\\\/#website\",\"url\":\"https:\\\/\\\/sebastianpendino.com\\\/academy\\\/\",\"name\":\"Sebasti\u00e1n Pendino - Academy\",\"description\":\"Recursos de Marketing Digital y Negocios Online\",\"publisher\":{\"@id\":\"https:\\\/\\\/sebastianpendino.com\\\/academy\\\/#organization\"},\"alternateName\":\"Seba Pendino - Academy\",\"potentialAction\":[{\"@type\":\"SearchAction\",\"target\":{\"@type\":\"EntryPoint\",\"urlTemplate\":\"https:\\\/\\\/sebastianpendino.com\\\/academy\\\/?s={search_term_string}\"},\"query-input\":{\"@type\":\"PropertyValueSpecification\",\"valueRequired\":true,\"valueName\":\"search_term_string\"}}],\"inLanguage\":\"es\"},{\"@type\":\"Organization\",\"@id\":\"https:\\\/\\\/sebastianpendino.com\\\/academy\\\/#organization\",\"name\":\"Sebasti\u00e1n Pendino - Academy\",\"alternateName\":\"Cursos para emprendedores\",\"url\":\"https:\\\/\\\/sebastianpendino.com\\\/academy\\\/\",\"logo\":{\"@type\":\"ImageObject\",\"inLanguage\":\"es\",\"@id\":\"https:\\\/\\\/sebastianpendino.com\\\/academy\\\/#\\\/schema\\\/logo\\\/image\\\/\",\"url\":\"https:\\\/\\\/sebastianpendino.com\\\/academy\\\/wp-content\\\/uploads\\\/2024\\\/12\\\/sp-logo-academy-358x70-1.webp\",\"contentUrl\":\"https:\\\/\\\/sebastianpendino.com\\\/academy\\\/wp-content\\\/uploads\\\/2024\\\/12\\\/sp-logo-academy-358x70-1.webp\",\"width\":358,\"height\":70,\"caption\":\"Sebasti\u00e1n Pendino - Academy\"},\"image\":{\"@id\":\"https:\\\/\\\/sebastianpendino.com\\\/academy\\\/#\\\/schema\\\/logo\\\/image\\\/\"},\"sameAs\":[\"https:\\\/\\\/www.facebook.com\\\/sebapendino\",\"https:\\\/\\\/x.com\\\/SebaPendino\",\"https:\\\/\\\/www.linkedin.com\\\/in\\\/sebastianpendino\",\"https:\\\/\\\/www.youtube.com\\\/c\\\/sebastianpendino\"]}]}<\/script>\n<!-- \/ Yoast SEO plugin. -->","yoast_head_json":{"title":"TIDYCAL | Agenda Reuniones c\/ tus Clientes \u00a1Pago \u00danico Lifetime! $29\ud83e\udd47","description":"Herramienta online y Agenda. Programar reuniones autom\u00e1tico. \u00a1Pago \u00danico de por Vida! Alternativa a Calendly, Doodle, Google Calendar \u2705 \u00a1Ver +!","robots":{"index":"index","follow":"follow","max-snippet":"max-snippet:-1","max-image-preview":"max-image-preview:large","max-video-preview":"max-video-preview:-1"},"canonical":"https:\/\/sebastianpendino.com\/academy\/recursos\/tidycal\/","og_locale":"es_ES","og_type":"article","og_title":"TIDYCAL | Agenda Reuniones c\/ tus Clientes \u00a1Pago \u00danico Lifetime! $29\ud83e\udd47","og_description":"Herramienta online y Agenda. Programar reuniones autom\u00e1tico. \u00a1Pago \u00danico de por Vida! Alternativa a Calendly, Doodle, Google Calendar \u2705 \u00a1Ver +!","og_url":"https:\/\/sebastianpendino.com\/academy\/recursos\/tidycal\/","og_site_name":"Sebasti\u00e1n Pendino - Academy","article_publisher":"https:\/\/www.facebook.com\/sebapendino","article_modified_time":"2025-06-10T12:37:22+00:00","og_image":[{"width":800,"height":643,"url":"https:\/\/sebastianpendino.com\/academy\/wp-content\/uploads\/2021\/07\/tidycal-reservas-alternativa-calendly-gratis.webp","type":"image\/webp"}],"twitter_card":"summary_large_image","twitter_site":"@SebaPendino","schema":{"@context":"https:\/\/schema.org","@graph":[{"@type":"WebPage","@id":"https:\/\/sebastianpendino.com\/academy\/recursos\/tidycal\/","url":"https:\/\/sebastianpendino.com\/academy\/recursos\/tidycal\/","name":"TIDYCAL | Agenda Reuniones c\/ tus Clientes \u00a1Pago \u00danico Lifetime! $29\ud83e\udd47","isPartOf":{"@id":"https:\/\/sebastianpendino.com\/academy\/#website"},"primaryImageOfPage":{"@id":"https:\/\/sebastianpendino.com\/academy\/recursos\/tidycal\/#primaryimage"},"image":{"@id":"https:\/\/sebastianpendino.com\/academy\/recursos\/tidycal\/#primaryimage"},"thumbnailUrl":"https:\/\/sebastianpendino.com\/academy\/wp-content\/uploads\/2021\/07\/tidycal-reservas-alternativa-calendly-gratis.webp","datePublished":"2021-07-28T14:20:12+00:00","dateModified":"2025-06-10T12:37:22+00:00","description":"Herramienta online y Agenda. Programar reuniones autom\u00e1tico. \u00a1Pago \u00danico de por Vida! Alternativa a Calendly, Doodle, Google Calendar \u2705 \u00a1Ver +!","breadcrumb":{"@id":"https:\/\/sebastianpendino.com\/academy\/recursos\/tidycal\/#breadcrumb"},"inLanguage":"es","potentialAction":[{"@type":"ReadAction","target":["https:\/\/sebastianpendino.com\/academy\/recursos\/tidycal\/"]}]},{"@type":"ImageObject","inLanguage":"es","@id":"https:\/\/sebastianpendino.com\/academy\/recursos\/tidycal\/#primaryimage","url":"https:\/\/sebastianpendino.com\/academy\/wp-content\/uploads\/2021\/07\/tidycal-reservas-alternativa-calendly-gratis.webp","contentUrl":"https:\/\/sebastianpendino.com\/academy\/wp-content\/uploads\/2021\/07\/tidycal-reservas-alternativa-calendly-gratis.webp","width":800,"height":643,"caption":"TidyCal: software y agenda para programar reuniones autom\u00e1ticamente"},{"@type":"BreadcrumbList","@id":"https:\/\/sebastianpendino.com\/academy\/recursos\/tidycal\/#breadcrumb","itemListElement":[{"@type":"ListItem","position":1,"name":"Inicio","item":"https:\/\/sebastianpendino.com\/academy\/"},{"@type":"ListItem","position":2,"name":"Shop","item":"https:\/\/sebastianpendino.com\/academy\/shop\/"},{"@type":"ListItem","position":3,"name":"Herramientas","item":"https:\/\/sebastianpendino.com\/academy\/recurso\/herramientas\/"},{"@type":"ListItem","position":4,"name":"TidyCal (Programar reuniones autom\u00e1ticas)"}]},{"@type":"WebSite","@id":"https:\/\/sebastianpendino.com\/academy\/#website","url":"https:\/\/sebastianpendino.com\/academy\/","name":"Sebasti\u00e1n Pendino - Academy","description":"Recursos de Marketing Digital y Negocios Online","publisher":{"@id":"https:\/\/sebastianpendino.com\/academy\/#organization"},"alternateName":"Seba Pendino - Academy","potentialAction":[{"@type":"SearchAction","target":{"@type":"EntryPoint","urlTemplate":"https:\/\/sebastianpendino.com\/academy\/?s={search_term_string}"},"query-input":{"@type":"PropertyValueSpecification","valueRequired":true,"valueName":"search_term_string"}}],"inLanguage":"es"},{"@type":"Organization","@id":"https:\/\/sebastianpendino.com\/academy\/#organization","name":"Sebasti\u00e1n Pendino - Academy","alternateName":"Cursos para emprendedores","url":"https:\/\/sebastianpendino.com\/academy\/","logo":{"@type":"ImageObject","inLanguage":"es","@id":"https:\/\/sebastianpendino.com\/academy\/#\/schema\/logo\/image\/","url":"https:\/\/sebastianpendino.com\/academy\/wp-content\/uploads\/2024\/12\/sp-logo-academy-358x70-1.webp","contentUrl":"https:\/\/sebastianpendino.com\/academy\/wp-content\/uploads\/2024\/12\/sp-logo-academy-358x70-1.webp","width":358,"height":70,"caption":"Sebasti\u00e1n Pendino - Academy"},"image":{"@id":"https:\/\/sebastianpendino.com\/academy\/#\/schema\/logo\/image\/"},"sameAs":["https:\/\/www.facebook.com\/sebapendino","https:\/\/x.com\/SebaPendino","https:\/\/www.linkedin.com\/in\/sebastianpendino","https:\/\/www.youtube.com\/c\/sebastianpendino"]}]}},"_links":{"self":[{"href":"https:\/\/sebastianpendino.com\/academy\/wp-json\/wp\/v2\/product\/20729","targetHints":{"allow":["GET"]}}],"collection":[{"href":"https:\/\/sebastianpendino.com\/academy\/wp-json\/wp\/v2\/product"}],"about":[{"href":"https:\/\/sebastianpendino.com\/academy\/wp-json\/wp\/v2\/types\/product"}],"replies":[{"embeddable":true,"href":"https:\/\/sebastianpendino.com\/academy\/wp-json\/wp\/v2\/comments?post=20729"}],"wp:featuredmedia":[{"embeddable":true,"href":"https:\/\/sebastianpendino.com\/academy\/wp-json\/wp\/v2\/media\/20730"}],"wp:attachment":[{"href":"https:\/\/sebastianpendino.com\/academy\/wp-json\/wp\/v2\/media?parent=20729"}],"wp:term":[{"taxonomy":"product_brand","embeddable":true,"href":"https:\/\/sebastianpendino.com\/academy\/wp-json\/wp\/v2\/product_brand?post=20729"},{"taxonomy":"product_cat","embeddable":true,"href":"https:\/\/sebastianpendino.com\/academy\/wp-json\/wp\/v2\/product_cat?post=20729"},{"taxonomy":"product_tag","embeddable":true,"href":"https:\/\/sebastianpendino.com\/academy\/wp-json\/wp\/v2\/product_tag?post=20729"}],"curies":[{"name":"wp","href":"https:\/\/api.w.org\/{rel}","templated":true}]}}