{"id":20716,"date":"2021-07-26T12:05:04","date_gmt":"2021-07-26T15:05:04","guid":{"rendered":"https:\/\/sebastianpendino.com\/academy\/?post_type=product&#038;p=20716"},"modified":"2025-04-11T17:07:33","modified_gmt":"2025-04-11T20:07:33","slug":"filmora","status":"publish","type":"product","link":"https:\/\/sebastianpendino.com\/academy\/recursos\/filmora\/","title":{"rendered":"Filmora (Editor de video)"},"content":{"rendered":"<div class=\"gris\">\ud83d\udca1 <strong>Te recomiendo el Plan Perpetuo<\/strong> de Filmora. <strong>Es un pago \u00fanico de por vida.<\/strong><br \/>\n\ud83d\udc49\u00a0<a href=\"\/ir\/filmora\" target=\"_blank\" rel=\"noopener nofollow\">Compara con la versi\u00f3n Anual, Trimestral y Perpetua, haciendo clic en el &#8216;Bot\u00f3n de Compra&#8217; en la web de Filmora.<\/a><\/div>\n<p><strong>Resumen de las funcionalidades de Filmora:<\/strong><\/p>\n<div class=\"col3\"><i class=\"fa fa-check-square-o\" aria-hidden=\"true\"><\/i> Ecualizador de audio<br \/>\n<i class=\"fa fa-check-square-o\" aria-hidden=\"true\"><\/i> Soporte de edici\u00f3n de resoluci\u00f3n 4K<br \/>\n<i class=\"fa fa-check-square-o\" aria-hidden=\"true\"><\/i> Soporte GIF<br \/>\n<i class=\"fa fa-check-square-o\" aria-hidden=\"true\"><\/i> Pantalla dividida<br \/>\n<i class=\"fa fa-check-square-o\" aria-hidden=\"true\"><\/i> Controles de video y audio<br \/>\n<i class=\"fa fa-check-square-o\" aria-hidden=\"true\"><\/i> Capa de m\u00faltiples clips de video<br \/>\n<i class=\"fa fa-check-square-o\" aria-hidden=\"true\"><\/i> Estabilizaci\u00f3n de v\u00eddeo<br \/>\n<i class=\"fa fa-check-square-o\" aria-hidden=\"true\"><\/i> Ajustes preestablecidos de color<br \/>\n<i class=\"fa fa-check-square-o\" aria-hidden=\"true\"><\/i> Edici\u00f3n de textos avanzada (r\u00f3tulos)<br \/>\n<i class=\"fa fa-check-square-o\" aria-hidden=\"true\"><\/i> Cambio de inclinaci\u00f3n<\/div>\n<div class=\"col3\"><i class=\"fa fa-check-square-o\" aria-hidden=\"true\"><\/i> Mosaico (difuminado)<br \/>\n<i class=\"fa fa-check-square-o\" aria-hidden=\"true\"><\/i> Eliminaci\u00f3n de ruido<br \/>\n<i class=\"fa fa-check-square-o\" aria-hidden=\"true\"><\/i> Importaci\u00f3n social<br \/>\n<i class=\"fa fa-check-square-o\" aria-hidden=\"true\"><\/i> Vista previa fotograma a fotograma<br \/>\n<i class=\"fa fa-check-square-o\" aria-hidden=\"true\"><\/i> Control de velocidad<br \/>\n<i class=\"fa fa-check-square-o\" aria-hidden=\"true\"><\/i> Mezclador de audio<br \/>\n<i class=\"fa fa-check-square-o\" aria-hidden=\"true\"><\/i> Fondos Chroma Key<br \/>\n<i class=\"fa fa-check-square-o\" aria-hidden=\"true\"><\/i> Grabaci\u00f3n de pantalla<br \/>\n<i class=\"fa fa-check-square-o\" aria-hidden=\"true\"><\/i> Separaci\u00f3n de audio<br \/>\n<i class=\"fa fa-check-square-o\" aria-hidden=\"true\"><\/i> Detecci\u00f3n de escena<\/div>\n<div class=\"col3\"><i class=\"fa fa-check-square-o\" aria-hidden=\"true\"><\/i> Biblioteca de medios<br \/>\n<i class=\"fa fa-check-square-o\" aria-hidden=\"true\"><\/i> Visualizador de audio<br \/>\n<i class=\"fa fa-check-square-o\" aria-hidden=\"true\"><\/i> Conversi\u00f3n de voz a texto<br \/>\n<i class=\"fa fa-check-square-o\" aria-hidden=\"true\"><\/i> Conversi\u00f3n de texto a voz<br \/>\n<i class=\"fa fa-check-square-o\" aria-hidden=\"true\"><\/i> Sincronizaci\u00f3n autom\u00e1tica v\u00eddeo con audio<br \/>\n<i class=\"fa fa-check-square-o\" aria-hidden=\"true\"><\/i> Filtro de belleza<br \/>\n<i class=\"fa fa-check-square-o\" aria-hidden=\"true\"><\/i> Trabajar en la nube y sincronizaci\u00f3n<br \/>\n<i class=\"fa fa-check-square-o\" aria-hidden=\"true\"><\/i> Trabajar en m\u00faltiples dispositivos<br \/>\n<i class=\"fa fa-check-square-o\" aria-hidden=\"true\"><\/i> Recorte con Inteligencia Artificial (IA)<br \/>\n<i class=\"fa fa-check-square-o\" aria-hidden=\"true\"><\/i> Eliminaci\u00f3n de ruido con IA<\/div>\n<p>&nbsp;<\/p>\n<p>Para m\u00e1s informaci\u00f3n, ver art\u00edculo completo: <a href=\"https:\/\/sebastianpendino.com\/filmora-editor-de-video\/\">\u00bfC\u00f3mo funciona y cu\u00e1nto cuesta Filmora?<\/a><\/p>\n","protected":false},"excerpt":{"rendered":"<p>\u00bfTe gustar\u00eda editar tus videos para Youtube y Redes Sociales? Descarga hoy Filmora y edita como un profesional:<\/p>\n<div class=\"col2\">\n<strong>Incluye:<\/strong><\/p>\n<p><i class=\"fa fa-check-square-o\" aria-hidden=\"true\"><\/i> Editor por pistas profesional<br \/>\n<i class=\"fa fa-check-square-o\" aria-hidden=\"true\"><\/i> Ecualizador de audio (v\u00eddeo y podcast)<br \/>\n<i class=\"fa fa-check-square-o\" aria-hidden=\"true\"><\/i> Edici\u00f3n de textos avanzada (r\u00f3tulos)<br \/>\n<i class=\"fa fa-check-square-o\" aria-hidden=\"true\"><\/i> Soporte t\u00e9cnico las 24hs<\/p>\n<p><strong>Alternativa a:<\/strong><\/p>\n<p><i class=\"fa fa-desktop\" aria-hidden=\"true\"><\/i> Camtasia<\/p>\n<\/div>\n<div class=\"col2\">\n<strong>Detalles:<\/strong><\/p>\n<p><i class=\"fa fa-desktop\" aria-hidden=\"true\"><\/i> Windows y Mac<br \/>\n<i class=\"fa fa-credit-card\" aria-hidden=\"true\"><\/i> Plan: mensual, trimestral, anual o perpetuo<br \/>\n<i class=\"fa fa-refresh\" aria-hidden=\"true\"><\/i> Actualizaciones durante la vigencia del plan<br \/>\n<i class=\"fa fa-certificate\" aria-hidden=\"true\"><\/i> Garant\u00eda de devoluci\u00f3n 30 d\u00edas<br \/>\n<i class=\"fa fa-circle-o\" aria-hidden=\"true\"><\/i> Sin marca de agua<br \/>\n<i class=\"fa fa-user\" aria-hidden=\"true\"><\/i> Venta y soporte por Wondershare\n<\/div>\n","protected":false},"featured_media":20717,"comment_status":"closed","ping_status":"closed","template":"","meta":[],"product_brand":[],"product_cat":[369],"product_tag":[],"class_list":{"0":"post-20716","1":"product","2":"type-product","3":"status-publish","4":"has-post-thumbnail","6":"product_cat-herramientas","8":"first","9":"instock","10":"sale","11":"sold-individually","12":"shipping-taxable","13":"product-type-external"},"yoast_head":"<!-- This site is optimized with the Yoast SEO plugin v27.4 - https:\/\/yoast.com\/product\/yoast-seo-wordpress\/ -->\n<title>FILMORA | Editor de Video para YouTube y Redes Sociales \ud83e\udd47<\/title>\n<meta name=\"description\" content=\"Filmora es un editor de video econ\u00f3mico para principiantes y profesionales. \u00a1Editar videos de YouTube y Redes Sociales es f\u00e1cil! \u2705 \u00a1Ver M\u00e1s!\" \/>\n<meta name=\"robots\" content=\"index, follow, max-snippet:-1, max-image-preview:large, max-video-preview:-1\" \/>\n<link rel=\"canonical\" href=\"https:\/\/sebastianpendino.com\/academy\/recursos\/filmora\/\" \/>\n<meta property=\"og:locale\" content=\"es_ES\" \/>\n<meta property=\"og:type\" content=\"article\" \/>\n<meta property=\"og:title\" content=\"FILMORA | Editor de Video para YouTube y Redes Sociales \ud83e\udd47\" \/>\n<meta property=\"og:description\" content=\"Filmora es un editor de video econ\u00f3mico para principiantes y profesionales. \u00a1Editar videos de YouTube y Redes Sociales es f\u00e1cil! \u2705 \u00a1Ver M\u00e1s!\" \/>\n<meta property=\"og:url\" content=\"https:\/\/sebastianpendino.com\/academy\/recursos\/filmora\/\" \/>\n<meta property=\"og:site_name\" content=\"Sebasti\u00e1n Pendino - Academy\" \/>\n<meta property=\"article:publisher\" content=\"https:\/\/www.facebook.com\/sebapendino\" \/>\n<meta property=\"article:modified_time\" content=\"2025-04-11T20:07:33+00:00\" \/>\n<meta property=\"og:image\" content=\"https:\/\/sebastianpendino.com\/academy\/wp-content\/uploads\/2021\/07\/descargar-filmora-editor-de-video.opt_.webp\" \/>\n\t<meta property=\"og:image:width\" content=\"799\" \/>\n\t<meta property=\"og:image:height\" content=\"643\" \/>\n\t<meta property=\"og:image:type\" content=\"image\/webp\" \/>\n<meta name=\"twitter:card\" content=\"summary_large_image\" \/>\n<meta name=\"twitter:site\" content=\"@SebaPendino\" \/>\n<script type=\"application\/ld+json\" class=\"yoast-schema-graph\">{\"@context\":\"https:\\\/\\\/schema.org\",\"@graph\":[{\"@type\":\"WebPage\",\"@id\":\"https:\\\/\\\/sebastianpendino.com\\\/academy\\\/recursos\\\/filmora\\\/\",\"url\":\"https:\\\/\\\/sebastianpendino.com\\\/academy\\\/recursos\\\/filmora\\\/\",\"name\":\"FILMORA | Editor de Video para YouTube y Redes Sociales \ud83e\udd47\",\"isPartOf\":{\"@id\":\"https:\\\/\\\/sebastianpendino.com\\\/academy\\\/#website\"},\"primaryImageOfPage\":{\"@id\":\"https:\\\/\\\/sebastianpendino.com\\\/academy\\\/recursos\\\/filmora\\\/#primaryimage\"},\"image\":{\"@id\":\"https:\\\/\\\/sebastianpendino.com\\\/academy\\\/recursos\\\/filmora\\\/#primaryimage\"},\"thumbnailUrl\":\"https:\\\/\\\/sebastianpendino.com\\\/academy\\\/wp-content\\\/uploads\\\/2021\\\/07\\\/descargar-filmora-editor-de-video.opt_.webp\",\"datePublished\":\"2021-07-26T15:05:04+00:00\",\"dateModified\":\"2025-04-11T20:07:33+00:00\",\"description\":\"Filmora es un editor de video econ\u00f3mico para principiantes y profesionales. \u00a1Editar videos de YouTube y Redes Sociales es f\u00e1cil! \u2705 \u00a1Ver M\u00e1s!\",\"breadcrumb\":{\"@id\":\"https:\\\/\\\/sebastianpendino.com\\\/academy\\\/recursos\\\/filmora\\\/#breadcrumb\"},\"inLanguage\":\"es\",\"potentialAction\":[{\"@type\":\"ReadAction\",\"target\":[\"https:\\\/\\\/sebastianpendino.com\\\/academy\\\/recursos\\\/filmora\\\/\"]}]},{\"@type\":\"ImageObject\",\"inLanguage\":\"es\",\"@id\":\"https:\\\/\\\/sebastianpendino.com\\\/academy\\\/recursos\\\/filmora\\\/#primaryimage\",\"url\":\"https:\\\/\\\/sebastianpendino.com\\\/academy\\\/wp-content\\\/uploads\\\/2021\\\/07\\\/descargar-filmora-editor-de-video.opt_.webp\",\"contentUrl\":\"https:\\\/\\\/sebastianpendino.com\\\/academy\\\/wp-content\\\/uploads\\\/2021\\\/07\\\/descargar-filmora-editor-de-video.opt_.webp\",\"width\":799,\"height\":643,\"caption\":\"Filmora: Descarga el Editor de Videos n\u00famero uno\"},{\"@type\":\"BreadcrumbList\",\"@id\":\"https:\\\/\\\/sebastianpendino.com\\\/academy\\\/recursos\\\/filmora\\\/#breadcrumb\",\"itemListElement\":[{\"@type\":\"ListItem\",\"position\":1,\"name\":\"Inicio\",\"item\":\"https:\\\/\\\/sebastianpendino.com\\\/academy\\\/\"},{\"@type\":\"ListItem\",\"position\":2,\"name\":\"Shop\",\"item\":\"https:\\\/\\\/sebastianpendino.com\\\/academy\\\/shop\\\/\"},{\"@type\":\"ListItem\",\"position\":3,\"name\":\"Herramientas\",\"item\":\"https:\\\/\\\/sebastianpendino.com\\\/academy\\\/recurso\\\/herramientas\\\/\"},{\"@type\":\"ListItem\",\"position\":4,\"name\":\"Filmora (Editor de video)\"}]},{\"@type\":\"WebSite\",\"@id\":\"https:\\\/\\\/sebastianpendino.com\\\/academy\\\/#website\",\"url\":\"https:\\\/\\\/sebastianpendino.com\\\/academy\\\/\",\"name\":\"Sebasti\u00e1n Pendino - Academy\",\"description\":\"Recursos de Marketing Digital y Negocios Online\",\"publisher\":{\"@id\":\"https:\\\/\\\/sebastianpendino.com\\\/academy\\\/#organization\"},\"alternateName\":\"Seba Pendino - Academy\",\"potentialAction\":[{\"@type\":\"SearchAction\",\"target\":{\"@type\":\"EntryPoint\",\"urlTemplate\":\"https:\\\/\\\/sebastianpendino.com\\\/academy\\\/?s={search_term_string}\"},\"query-input\":{\"@type\":\"PropertyValueSpecification\",\"valueRequired\":true,\"valueName\":\"search_term_string\"}}],\"inLanguage\":\"es\"},{\"@type\":\"Organization\",\"@id\":\"https:\\\/\\\/sebastianpendino.com\\\/academy\\\/#organization\",\"name\":\"Sebasti\u00e1n Pendino - Academy\",\"alternateName\":\"Cursos para emprendedores\",\"url\":\"https:\\\/\\\/sebastianpendino.com\\\/academy\\\/\",\"logo\":{\"@type\":\"ImageObject\",\"inLanguage\":\"es\",\"@id\":\"https:\\\/\\\/sebastianpendino.com\\\/academy\\\/#\\\/schema\\\/logo\\\/image\\\/\",\"url\":\"https:\\\/\\\/sebastianpendino.com\\\/academy\\\/wp-content\\\/uploads\\\/2024\\\/12\\\/sp-logo-academy-358x70-1.webp\",\"contentUrl\":\"https:\\\/\\\/sebastianpendino.com\\\/academy\\\/wp-content\\\/uploads\\\/2024\\\/12\\\/sp-logo-academy-358x70-1.webp\",\"width\":358,\"height\":70,\"caption\":\"Sebasti\u00e1n Pendino - Academy\"},\"image\":{\"@id\":\"https:\\\/\\\/sebastianpendino.com\\\/academy\\\/#\\\/schema\\\/logo\\\/image\\\/\"},\"sameAs\":[\"https:\\\/\\\/www.facebook.com\\\/sebapendino\",\"https:\\\/\\\/x.com\\\/SebaPendino\",\"https:\\\/\\\/www.linkedin.com\\\/in\\\/sebastianpendino\",\"https:\\\/\\\/www.youtube.com\\\/c\\\/sebastianpendino\"]}]}<\/script>\n<!-- \/ Yoast SEO plugin. -->","yoast_head_json":{"title":"FILMORA | Editor de Video para YouTube y Redes Sociales \ud83e\udd47","description":"Filmora es un editor de video econ\u00f3mico para principiantes y profesionales. \u00a1Editar videos de YouTube y Redes Sociales es f\u00e1cil! \u2705 \u00a1Ver M\u00e1s!","robots":{"index":"index","follow":"follow","max-snippet":"max-snippet:-1","max-image-preview":"max-image-preview:large","max-video-preview":"max-video-preview:-1"},"canonical":"https:\/\/sebastianpendino.com\/academy\/recursos\/filmora\/","og_locale":"es_ES","og_type":"article","og_title":"FILMORA | Editor de Video para YouTube y Redes Sociales \ud83e\udd47","og_description":"Filmora es un editor de video econ\u00f3mico para principiantes y profesionales. \u00a1Editar videos de YouTube y Redes Sociales es f\u00e1cil! \u2705 \u00a1Ver M\u00e1s!","og_url":"https:\/\/sebastianpendino.com\/academy\/recursos\/filmora\/","og_site_name":"Sebasti\u00e1n Pendino - Academy","article_publisher":"https:\/\/www.facebook.com\/sebapendino","article_modified_time":"2025-04-11T20:07:33+00:00","og_image":[{"width":799,"height":643,"url":"https:\/\/sebastianpendino.com\/academy\/wp-content\/uploads\/2021\/07\/descargar-filmora-editor-de-video.opt_.webp","type":"image\/webp"}],"twitter_card":"summary_large_image","twitter_site":"@SebaPendino","schema":{"@context":"https:\/\/schema.org","@graph":[{"@type":"WebPage","@id":"https:\/\/sebastianpendino.com\/academy\/recursos\/filmora\/","url":"https:\/\/sebastianpendino.com\/academy\/recursos\/filmora\/","name":"FILMORA | Editor de Video para YouTube y Redes Sociales \ud83e\udd47","isPartOf":{"@id":"https:\/\/sebastianpendino.com\/academy\/#website"},"primaryImageOfPage":{"@id":"https:\/\/sebastianpendino.com\/academy\/recursos\/filmora\/#primaryimage"},"image":{"@id":"https:\/\/sebastianpendino.com\/academy\/recursos\/filmora\/#primaryimage"},"thumbnailUrl":"https:\/\/sebastianpendino.com\/academy\/wp-content\/uploads\/2021\/07\/descargar-filmora-editor-de-video.opt_.webp","datePublished":"2021-07-26T15:05:04+00:00","dateModified":"2025-04-11T20:07:33+00:00","description":"Filmora es un editor de video econ\u00f3mico para principiantes y profesionales. \u00a1Editar videos de YouTube y Redes Sociales es f\u00e1cil! \u2705 \u00a1Ver M\u00e1s!","breadcrumb":{"@id":"https:\/\/sebastianpendino.com\/academy\/recursos\/filmora\/#breadcrumb"},"inLanguage":"es","potentialAction":[{"@type":"ReadAction","target":["https:\/\/sebastianpendino.com\/academy\/recursos\/filmora\/"]}]},{"@type":"ImageObject","inLanguage":"es","@id":"https:\/\/sebastianpendino.com\/academy\/recursos\/filmora\/#primaryimage","url":"https:\/\/sebastianpendino.com\/academy\/wp-content\/uploads\/2021\/07\/descargar-filmora-editor-de-video.opt_.webp","contentUrl":"https:\/\/sebastianpendino.com\/academy\/wp-content\/uploads\/2021\/07\/descargar-filmora-editor-de-video.opt_.webp","width":799,"height":643,"caption":"Filmora: Descarga el Editor de Videos n\u00famero uno"},{"@type":"BreadcrumbList","@id":"https:\/\/sebastianpendino.com\/academy\/recursos\/filmora\/#breadcrumb","itemListElement":[{"@type":"ListItem","position":1,"name":"Inicio","item":"https:\/\/sebastianpendino.com\/academy\/"},{"@type":"ListItem","position":2,"name":"Shop","item":"https:\/\/sebastianpendino.com\/academy\/shop\/"},{"@type":"ListItem","position":3,"name":"Herramientas","item":"https:\/\/sebastianpendino.com\/academy\/recurso\/herramientas\/"},{"@type":"ListItem","position":4,"name":"Filmora (Editor de video)"}]},{"@type":"WebSite","@id":"https:\/\/sebastianpendino.com\/academy\/#website","url":"https:\/\/sebastianpendino.com\/academy\/","name":"Sebasti\u00e1n Pendino - Academy","description":"Recursos de Marketing Digital y Negocios Online","publisher":{"@id":"https:\/\/sebastianpendino.com\/academy\/#organization"},"alternateName":"Seba Pendino - Academy","potentialAction":[{"@type":"SearchAction","target":{"@type":"EntryPoint","urlTemplate":"https:\/\/sebastianpendino.com\/academy\/?s={search_term_string}"},"query-input":{"@type":"PropertyValueSpecification","valueRequired":true,"valueName":"search_term_string"}}],"inLanguage":"es"},{"@type":"Organization","@id":"https:\/\/sebastianpendino.com\/academy\/#organization","name":"Sebasti\u00e1n Pendino - Academy","alternateName":"Cursos para emprendedores","url":"https:\/\/sebastianpendino.com\/academy\/","logo":{"@type":"ImageObject","inLanguage":"es","@id":"https:\/\/sebastianpendino.com\/academy\/#\/schema\/logo\/image\/","url":"https:\/\/sebastianpendino.com\/academy\/wp-content\/uploads\/2024\/12\/sp-logo-academy-358x70-1.webp","contentUrl":"https:\/\/sebastianpendino.com\/academy\/wp-content\/uploads\/2024\/12\/sp-logo-academy-358x70-1.webp","width":358,"height":70,"caption":"Sebasti\u00e1n Pendino - Academy"},"image":{"@id":"https:\/\/sebastianpendino.com\/academy\/#\/schema\/logo\/image\/"},"sameAs":["https:\/\/www.facebook.com\/sebapendino","https:\/\/x.com\/SebaPendino","https:\/\/www.linkedin.com\/in\/sebastianpendino","https:\/\/www.youtube.com\/c\/sebastianpendino"]}]}},"_links":{"self":[{"href":"https:\/\/sebastianpendino.com\/academy\/wp-json\/wp\/v2\/product\/20716","targetHints":{"allow":["GET"]}}],"collection":[{"href":"https:\/\/sebastianpendino.com\/academy\/wp-json\/wp\/v2\/product"}],"about":[{"href":"https:\/\/sebastianpendino.com\/academy\/wp-json\/wp\/v2\/types\/product"}],"replies":[{"embeddable":true,"href":"https:\/\/sebastianpendino.com\/academy\/wp-json\/wp\/v2\/comments?post=20716"}],"wp:featuredmedia":[{"embeddable":true,"href":"https:\/\/sebastianpendino.com\/academy\/wp-json\/wp\/v2\/media\/20717"}],"wp:attachment":[{"href":"https:\/\/sebastianpendino.com\/academy\/wp-json\/wp\/v2\/media?parent=20716"}],"wp:term":[{"taxonomy":"product_brand","embeddable":true,"href":"https:\/\/sebastianpendino.com\/academy\/wp-json\/wp\/v2\/product_brand?post=20716"},{"taxonomy":"product_cat","embeddable":true,"href":"https:\/\/sebastianpendino.com\/academy\/wp-json\/wp\/v2\/product_cat?post=20716"},{"taxonomy":"product_tag","embeddable":true,"href":"https:\/\/sebastianpendino.com\/academy\/wp-json\/wp\/v2\/product_tag?post=20716"}],"curies":[{"name":"wp","href":"https:\/\/api.w.org\/{rel}","templated":true}]}}