{"id":18534,"date":"2020-12-17T20:06:30","date_gmt":"2020-12-17T23:06:30","guid":{"rendered":"https:\/\/wordpress-934528-3246107.cloudwaysapps.com\/?post_type=product&#038;p=18534"},"modified":"2026-04-18T09:34:56","modified_gmt":"2026-04-18T12:34:56","slug":"matriz-came","status":"publish","type":"product","link":"https:\/\/sebastianpendino.com\/academy\/recursos\/matriz-came\/","title":{"rendered":"Matriz para el an\u00e1lisis CAME"},"content":{"rendered":"<p><strong>El an\u00e1lisis CAME<\/strong> es una herramienta de gesti\u00f3n empresarial para definir las acciones a realizar a partir del an\u00e1lisis de situaci\u00f3n inicial (an\u00e1lisis DAFO). El an\u00e1lisis CAME viene de Corregir, Afrontar, Mantener y Explotar. (Nota: sus siglas en ingl\u00e9s son muy similares: Correct, Adapt, Maintain, Explore).<\/p>\n<p><strong>\u00bfC\u00f3mo hacer un an\u00e1lisis CAME paso a paso?<\/strong><\/p>\n<ul>\n<li>Paso 1: Determinar los Objetivos del negocio<\/li>\n<li>Paso 2: Elaborar un an\u00e1lisis DAFO<\/li>\n<li>Paso 3: Priorizar las D. A. F. O.<\/li>\n<li>Paso 4: Crear la Matriz CAME<\/li>\n<li>Paso 5: Implementar<\/li>\n<\/ul>\n<p><strong>\u00bfPara qu\u00e9 sirve la matriz CAME?<\/strong>\u00a0La matriz CAME plasma y da forma al an\u00e1lisis CAME para poder representarlo de una forma m\u00e1s gr\u00e1fica e inteligible. Ver m\u00e1s en: <a href=\"https:\/\/sebastianpendino.com\/analisis-came-matriz\/\">Qu\u00e9 es y c\u00f3mo hacer un an\u00e1lisis CAME paso a paso<\/a>.<\/p>\n<p>En la tabla de abajo vemos las correlaciones entre cada parte del DAFO y del CAME:<\/p>\n<figure class=\"wp-block-table is-style-stripes\">\n<table>\n<thead>\n<tr>\n<th><strong>AN\u00c1LISIS DAFO<\/strong><\/th>\n<th><strong>\u2192<\/strong><\/th>\n<th><strong>AN\u00c1LISIS CAME<\/strong><\/th>\n<\/tr>\n<\/thead>\n<tbody>\n<tr>\n<td>Debilidades<\/td>\n<td><strong>\u2192<\/strong><\/td>\n<td>Corregir<\/td>\n<\/tr>\n<tr>\n<td>Amenazas<\/td>\n<td><strong>\u2192<\/strong><\/td>\n<td>Afrontar<\/td>\n<\/tr>\n<tr>\n<td>Fortalezas<\/td>\n<td><strong>\u2192<\/strong><\/td>\n<td>Mantener<\/td>\n<\/tr>\n<tr>\n<td>Oportunidades<\/td>\n<td><strong>\u2192<\/strong><\/td>\n<td>Explotar<\/td>\n<\/tr>\n<\/tbody>\n<\/table>\n<\/figure>\n<p>Esta matriz se encuentra incluida en el programa de estudio del <a href=\"https:\/\/sebastianpendino.com\/formacion\/mentoring-emprendedores\/\">mentoring de negocios online.<\/a><\/p>\n<p><strong><em>\u00bfProblemas para descargar la plantilla?<\/em><\/strong><br \/>\n<em>&#8211; No dudes en <a href=\"https:\/\/sebastianpendino.com\/contacto\/\">contactar<\/a>.<\/em><\/p>\n","protected":false},"excerpt":{"rendered":"<p>Descarga ahora la Matriz CAME para el an\u00e1lisis CAME de tu negocio o empresa:<\/p>\n<p><strong>Incluye:<\/strong><br \/>\n<i class=\"fa fa-file-excel-o\" aria-hidden=\"true\"><\/i> Plantilla editable en Excel<br \/>\n<i class=\"fa fa-file-excel-o\" aria-hidden=\"true\"><\/i> Ejemplo de un caso pr\u00e1ctico<br \/>\n<i class=\"fa fa-edit\" aria-hidden=\"true\"><\/i> 100% editable<\/p>\n<p><strong>Detalles:<\/strong><br \/>\n<i class=\"fa fa-lock\" aria-hidden=\"true\"><\/i> Descarga y pago seguro<br \/>\n<i class=\"fa fa-check-square-o\" aria-hidden=\"true\"><\/i> Acceso instant\u00e1neo<br \/>\n<i class=\"fa fa-television\" aria-hidden=\"true\"><\/i> Alta resoluci\u00f3n<\/p>\n","protected":false},"featured_media":18536,"comment_status":"open","ping_status":"closed","template":"","meta":[],"product_brand":[],"product_cat":[353,531,466],"product_tag":[],"class_list":{"0":"post-18534","1":"product","2":"type-product","3":"status-publish","4":"has-post-thumbnail","6":"product_cat-emprender","7":"product_cat-matrices","8":"product_cat-pack-premium","10":"first","11":"instock","12":"sale","13":"downloadable","14":"virtual","15":"sold-individually","16":"purchasable","17":"product-type-simple"},"yoast_head":"<!-- This site is optimized with the Yoast SEO plugin v27.4 - https:\/\/yoast.com\/product\/yoast-seo-wordpress\/ -->\n<title>An\u00e1lisis CAME | Matriz CAME [Plantilla Editable] \u2705<\/title>\n<meta name=\"description\" content=\"Descargar Matriz CAME Ejemplo.\u2714\ufe0f Plantilla Editable p\/ An\u00e1lisis CAME. Incluye Ejemplo. \u2714\ufe0f para completar e imprimir. \u00bb\u00a1Ver m\u00e1s!\" \/>\n<meta name=\"robots\" content=\"index, follow, max-snippet:-1, max-image-preview:large, max-video-preview:-1\" \/>\n<link rel=\"canonical\" href=\"https:\/\/sebastianpendino.com\/academy\/recursos\/matriz-came\/\" \/>\n<meta property=\"og:locale\" content=\"es_ES\" \/>\n<meta property=\"og:type\" content=\"article\" \/>\n<meta property=\"og:title\" content=\"Plantilla Canvas &quot;Lienzo de la Propuesta de Valor&quot;\" \/>\n<meta property=\"og:description\" content=\"Plantilla para imprimir: Canvas &quot;Lienzo de la Propuesta de Valor&quot;. \u00bfQu\u00e9 productos o servicios deber\u00eda vender a mis clientes?\" \/>\n<meta property=\"og:url\" content=\"https:\/\/sebastianpendino.com\/academy\/recursos\/matriz-came\/\" \/>\n<meta property=\"og:site_name\" content=\"Sebasti\u00e1n Pendino - Academy\" \/>\n<meta property=\"article:publisher\" content=\"https:\/\/www.facebook.com\/sebapendino\" \/>\n<meta property=\"article:modified_time\" content=\"2026-04-18T12:34:56+00:00\" \/>\n<meta property=\"og:image\" content=\"https:\/\/sebastianpendino.com\/academy\/wp-content\/uploads\/2019\/02\/canvas-propuesta-de-valor-800x643.png\" \/>\n\t<meta property=\"og:image:width\" content=\"800\" \/>\n\t<meta property=\"og:image:height\" content=\"643\" \/>\n\t<meta property=\"og:image:type\" content=\"image\/png\" \/>\n<meta name=\"twitter:card\" content=\"summary_large_image\" \/>\n<meta name=\"twitter:title\" content=\"Plantilla #Canvas &quot;Lienzo de la Propuesta de Valor&quot;\" \/>\n<meta name=\"twitter:description\" content=\"Plantilla para imprimir: #Canvas &quot;Lienzo&quot; de la Propuesta de Valor. \u00bfQu\u00e9 productos o servicios deber\u00eda vender a mis clientes?\" \/>\n<meta name=\"twitter:image\" content=\"https:\/\/sebastianpendino.com\/academy\/wp-content\/uploads\/2019\/02\/canvas-propuesta-de-valor-800x643.png\" \/>\n<meta name=\"twitter:site\" content=\"@SebaPendino\" \/>\n<script type=\"application\/ld+json\" class=\"yoast-schema-graph\">{\"@context\":\"https:\\\/\\\/schema.org\",\"@graph\":[{\"@type\":\"WebPage\",\"@id\":\"https:\\\/\\\/sebastianpendino.com\\\/academy\\\/recursos\\\/matriz-came\\\/\",\"url\":\"https:\\\/\\\/sebastianpendino.com\\\/academy\\\/recursos\\\/matriz-came\\\/\",\"name\":\"An\u00e1lisis CAME | Matriz CAME [Plantilla Editable] \u2705\",\"isPartOf\":{\"@id\":\"https:\\\/\\\/sebastianpendino.com\\\/academy\\\/#website\"},\"primaryImageOfPage\":{\"@id\":\"https:\\\/\\\/sebastianpendino.com\\\/academy\\\/recursos\\\/matriz-came\\\/#primaryimage\"},\"image\":{\"@id\":\"https:\\\/\\\/sebastianpendino.com\\\/academy\\\/recursos\\\/matriz-came\\\/#primaryimage\"},\"thumbnailUrl\":\"https:\\\/\\\/sebastianpendino.com\\\/academy\\\/wp-content\\\/uploads\\\/2020\\\/12\\\/analisis-came-matriz-800x643-1.png\",\"datePublished\":\"2020-12-17T23:06:30+00:00\",\"dateModified\":\"2026-04-18T12:34:56+00:00\",\"description\":\"Descargar Matriz CAME Ejemplo.\u2714\ufe0f Plantilla Editable p\\\/ An\u00e1lisis CAME. Incluye Ejemplo. \u2714\ufe0f para completar e imprimir. \u00bb\u00a1Ver m\u00e1s!\",\"breadcrumb\":{\"@id\":\"https:\\\/\\\/sebastianpendino.com\\\/academy\\\/recursos\\\/matriz-came\\\/#breadcrumb\"},\"inLanguage\":\"es\",\"potentialAction\":[{\"@type\":\"ReadAction\",\"target\":[\"https:\\\/\\\/sebastianpendino.com\\\/academy\\\/recursos\\\/matriz-came\\\/\"]}]},{\"@type\":\"ImageObject\",\"inLanguage\":\"es\",\"@id\":\"https:\\\/\\\/sebastianpendino.com\\\/academy\\\/recursos\\\/matriz-came\\\/#primaryimage\",\"url\":\"https:\\\/\\\/sebastianpendino.com\\\/academy\\\/wp-content\\\/uploads\\\/2020\\\/12\\\/analisis-came-matriz-800x643-1.png\",\"contentUrl\":\"https:\\\/\\\/sebastianpendino.com\\\/academy\\\/wp-content\\\/uploads\\\/2020\\\/12\\\/analisis-came-matriz-800x643-1.png\",\"width\":800,\"height\":643,\"caption\":\"analisis-came-matriz\"},{\"@type\":\"BreadcrumbList\",\"@id\":\"https:\\\/\\\/sebastianpendino.com\\\/academy\\\/recursos\\\/matriz-came\\\/#breadcrumb\",\"itemListElement\":[{\"@type\":\"ListItem\",\"position\":1,\"name\":\"Inicio\",\"item\":\"https:\\\/\\\/sebastianpendino.com\\\/academy\\\/\"},{\"@type\":\"ListItem\",\"position\":2,\"name\":\"Shop\",\"item\":\"https:\\\/\\\/sebastianpendino.com\\\/academy\\\/shop\\\/\"},{\"@type\":\"ListItem\",\"position\":3,\"name\":\"Matrices\",\"item\":\"https:\\\/\\\/sebastianpendino.com\\\/academy\\\/recurso\\\/matrices\\\/\"},{\"@type\":\"ListItem\",\"position\":4,\"name\":\"Matriz para el an\u00e1lisis CAME\"}]},{\"@type\":\"WebSite\",\"@id\":\"https:\\\/\\\/sebastianpendino.com\\\/academy\\\/#website\",\"url\":\"https:\\\/\\\/sebastianpendino.com\\\/academy\\\/\",\"name\":\"Sebasti\u00e1n Pendino - Academy\",\"description\":\"Recursos de Marketing Digital y Negocios Online\",\"publisher\":{\"@id\":\"https:\\\/\\\/sebastianpendino.com\\\/academy\\\/#organization\"},\"alternateName\":\"Seba Pendino - Academy\",\"potentialAction\":[{\"@type\":\"SearchAction\",\"target\":{\"@type\":\"EntryPoint\",\"urlTemplate\":\"https:\\\/\\\/sebastianpendino.com\\\/academy\\\/?s={search_term_string}\"},\"query-input\":{\"@type\":\"PropertyValueSpecification\",\"valueRequired\":true,\"valueName\":\"search_term_string\"}}],\"inLanguage\":\"es\"},{\"@type\":\"Organization\",\"@id\":\"https:\\\/\\\/sebastianpendino.com\\\/academy\\\/#organization\",\"name\":\"Sebasti\u00e1n Pendino - Academy\",\"alternateName\":\"Cursos para emprendedores\",\"url\":\"https:\\\/\\\/sebastianpendino.com\\\/academy\\\/\",\"logo\":{\"@type\":\"ImageObject\",\"inLanguage\":\"es\",\"@id\":\"https:\\\/\\\/sebastianpendino.com\\\/academy\\\/#\\\/schema\\\/logo\\\/image\\\/\",\"url\":\"https:\\\/\\\/sebastianpendino.com\\\/academy\\\/wp-content\\\/uploads\\\/2024\\\/12\\\/sp-logo-academy-358x70-1.webp\",\"contentUrl\":\"https:\\\/\\\/sebastianpendino.com\\\/academy\\\/wp-content\\\/uploads\\\/2024\\\/12\\\/sp-logo-academy-358x70-1.webp\",\"width\":358,\"height\":70,\"caption\":\"Sebasti\u00e1n Pendino - Academy\"},\"image\":{\"@id\":\"https:\\\/\\\/sebastianpendino.com\\\/academy\\\/#\\\/schema\\\/logo\\\/image\\\/\"},\"sameAs\":[\"https:\\\/\\\/www.facebook.com\\\/sebapendino\",\"https:\\\/\\\/x.com\\\/SebaPendino\",\"https:\\\/\\\/www.linkedin.com\\\/in\\\/sebastianpendino\",\"https:\\\/\\\/www.youtube.com\\\/c\\\/sebastianpendino\"]}]}<\/script>\n<!-- \/ Yoast SEO plugin. -->","yoast_head_json":{"title":"An\u00e1lisis CAME | Matriz CAME [Plantilla Editable] \u2705","description":"Descargar Matriz CAME Ejemplo.\u2714\ufe0f Plantilla Editable p\/ An\u00e1lisis CAME. Incluye Ejemplo. \u2714\ufe0f para completar e imprimir. \u00bb\u00a1Ver m\u00e1s!","robots":{"index":"index","follow":"follow","max-snippet":"max-snippet:-1","max-image-preview":"max-image-preview:large","max-video-preview":"max-video-preview:-1"},"canonical":"https:\/\/sebastianpendino.com\/academy\/recursos\/matriz-came\/","og_locale":"es_ES","og_type":"article","og_title":"Plantilla Canvas \"Lienzo de la Propuesta de Valor\"","og_description":"Plantilla para imprimir: Canvas \"Lienzo de la Propuesta de Valor\". \u00bfQu\u00e9 productos o servicios deber\u00eda vender a mis clientes?","og_url":"https:\/\/sebastianpendino.com\/academy\/recursos\/matriz-came\/","og_site_name":"Sebasti\u00e1n Pendino - Academy","article_publisher":"https:\/\/www.facebook.com\/sebapendino","article_modified_time":"2026-04-18T12:34:56+00:00","og_image":[{"width":800,"height":643,"url":"https:\/\/sebastianpendino.com\/academy\/wp-content\/uploads\/2019\/02\/canvas-propuesta-de-valor-800x643.png","type":"image\/png"}],"twitter_card":"summary_large_image","twitter_title":"Plantilla #Canvas \"Lienzo de la Propuesta de Valor\"","twitter_description":"Plantilla para imprimir: #Canvas \"Lienzo\" de la Propuesta de Valor. \u00bfQu\u00e9 productos o servicios deber\u00eda vender a mis clientes?","twitter_image":"https:\/\/sebastianpendino.com\/academy\/wp-content\/uploads\/2019\/02\/canvas-propuesta-de-valor-800x643.png","twitter_site":"@SebaPendino","schema":{"@context":"https:\/\/schema.org","@graph":[{"@type":"WebPage","@id":"https:\/\/sebastianpendino.com\/academy\/recursos\/matriz-came\/","url":"https:\/\/sebastianpendino.com\/academy\/recursos\/matriz-came\/","name":"An\u00e1lisis CAME | Matriz CAME [Plantilla Editable] \u2705","isPartOf":{"@id":"https:\/\/sebastianpendino.com\/academy\/#website"},"primaryImageOfPage":{"@id":"https:\/\/sebastianpendino.com\/academy\/recursos\/matriz-came\/#primaryimage"},"image":{"@id":"https:\/\/sebastianpendino.com\/academy\/recursos\/matriz-came\/#primaryimage"},"thumbnailUrl":"https:\/\/sebastianpendino.com\/academy\/wp-content\/uploads\/2020\/12\/analisis-came-matriz-800x643-1.png","datePublished":"2020-12-17T23:06:30+00:00","dateModified":"2026-04-18T12:34:56+00:00","description":"Descargar Matriz CAME Ejemplo.\u2714\ufe0f Plantilla Editable p\/ An\u00e1lisis CAME. Incluye Ejemplo. \u2714\ufe0f para completar e imprimir. \u00bb\u00a1Ver m\u00e1s!","breadcrumb":{"@id":"https:\/\/sebastianpendino.com\/academy\/recursos\/matriz-came\/#breadcrumb"},"inLanguage":"es","potentialAction":[{"@type":"ReadAction","target":["https:\/\/sebastianpendino.com\/academy\/recursos\/matriz-came\/"]}]},{"@type":"ImageObject","inLanguage":"es","@id":"https:\/\/sebastianpendino.com\/academy\/recursos\/matriz-came\/#primaryimage","url":"https:\/\/sebastianpendino.com\/academy\/wp-content\/uploads\/2020\/12\/analisis-came-matriz-800x643-1.png","contentUrl":"https:\/\/sebastianpendino.com\/academy\/wp-content\/uploads\/2020\/12\/analisis-came-matriz-800x643-1.png","width":800,"height":643,"caption":"analisis-came-matriz"},{"@type":"BreadcrumbList","@id":"https:\/\/sebastianpendino.com\/academy\/recursos\/matriz-came\/#breadcrumb","itemListElement":[{"@type":"ListItem","position":1,"name":"Inicio","item":"https:\/\/sebastianpendino.com\/academy\/"},{"@type":"ListItem","position":2,"name":"Shop","item":"https:\/\/sebastianpendino.com\/academy\/shop\/"},{"@type":"ListItem","position":3,"name":"Matrices","item":"https:\/\/sebastianpendino.com\/academy\/recurso\/matrices\/"},{"@type":"ListItem","position":4,"name":"Matriz para el an\u00e1lisis CAME"}]},{"@type":"WebSite","@id":"https:\/\/sebastianpendino.com\/academy\/#website","url":"https:\/\/sebastianpendino.com\/academy\/","name":"Sebasti\u00e1n Pendino - Academy","description":"Recursos de Marketing Digital y Negocios Online","publisher":{"@id":"https:\/\/sebastianpendino.com\/academy\/#organization"},"alternateName":"Seba Pendino - Academy","potentialAction":[{"@type":"SearchAction","target":{"@type":"EntryPoint","urlTemplate":"https:\/\/sebastianpendino.com\/academy\/?s={search_term_string}"},"query-input":{"@type":"PropertyValueSpecification","valueRequired":true,"valueName":"search_term_string"}}],"inLanguage":"es"},{"@type":"Organization","@id":"https:\/\/sebastianpendino.com\/academy\/#organization","name":"Sebasti\u00e1n Pendino - Academy","alternateName":"Cursos para emprendedores","url":"https:\/\/sebastianpendino.com\/academy\/","logo":{"@type":"ImageObject","inLanguage":"es","@id":"https:\/\/sebastianpendino.com\/academy\/#\/schema\/logo\/image\/","url":"https:\/\/sebastianpendino.com\/academy\/wp-content\/uploads\/2024\/12\/sp-logo-academy-358x70-1.webp","contentUrl":"https:\/\/sebastianpendino.com\/academy\/wp-content\/uploads\/2024\/12\/sp-logo-academy-358x70-1.webp","width":358,"height":70,"caption":"Sebasti\u00e1n Pendino - Academy"},"image":{"@id":"https:\/\/sebastianpendino.com\/academy\/#\/schema\/logo\/image\/"},"sameAs":["https:\/\/www.facebook.com\/sebapendino","https:\/\/x.com\/SebaPendino","https:\/\/www.linkedin.com\/in\/sebastianpendino","https:\/\/www.youtube.com\/c\/sebastianpendino"]}]}},"_links":{"self":[{"href":"https:\/\/sebastianpendino.com\/academy\/wp-json\/wp\/v2\/product\/18534","targetHints":{"allow":["GET"]}}],"collection":[{"href":"https:\/\/sebastianpendino.com\/academy\/wp-json\/wp\/v2\/product"}],"about":[{"href":"https:\/\/sebastianpendino.com\/academy\/wp-json\/wp\/v2\/types\/product"}],"replies":[{"embeddable":true,"href":"https:\/\/sebastianpendino.com\/academy\/wp-json\/wp\/v2\/comments?post=18534"}],"wp:featuredmedia":[{"embeddable":true,"href":"https:\/\/sebastianpendino.com\/academy\/wp-json\/wp\/v2\/media\/18536"}],"wp:attachment":[{"href":"https:\/\/sebastianpendino.com\/academy\/wp-json\/wp\/v2\/media?parent=18534"}],"wp:term":[{"taxonomy":"product_brand","embeddable":true,"href":"https:\/\/sebastianpendino.com\/academy\/wp-json\/wp\/v2\/product_brand?post=18534"},{"taxonomy":"product_cat","embeddable":true,"href":"https:\/\/sebastianpendino.com\/academy\/wp-json\/wp\/v2\/product_cat?post=18534"},{"taxonomy":"product_tag","embeddable":true,"href":"https:\/\/sebastianpendino.com\/academy\/wp-json\/wp\/v2\/product_tag?post=18534"}],"curies":[{"name":"wp","href":"https:\/\/api.w.org\/{rel}","templated":true}]}}